{"id":381,"date":"2015-02-10T20:51:04","date_gmt":"2015-02-10T19:51:04","guid":{"rendered":"http:\/\/www.mjolkeramparaiders.com\/?page_id=381"},"modified":"2017-02-06T09:06:09","modified_gmt":"2017-02-06T08:06:09","slug":"lisens","status":"publish","type":"page","link":"https:\/\/www.mjolkeramparaiders.com\/?page_id=381","title":{"rendered":"Lisens"},"content":{"rendered":"<p>Lisens er obligatorisk for \u00e5\u00a0delta i alle typer tidtatte ritt og\u00a0inneholder bla.a en ulykkesforsikring. Du kan velge mellom \u00e5 kj\u00f8pe en engangslisens pr. ritt, eller l\u00f8se en hel\u00e5rslisens gjennom Mj\u00f8lkerampa SK og NCF.<br \/>\n<em>Vi anbefaler \u00e5 l\u00f8se en hel\u00e5rslisens, da er man ogs\u00e5 forsikret under organisert trening. Se vilk\u00e5r <a href=\"http:\/\/sykling.no\/article\/forsikringsvilk\u00e5r\" target=\"_blank\">her<\/a><\/em><\/p>\n<p><img decoding=\"async\" loading=\"lazy\" class=\" size-medium wp-image-620 aligncenter\" src=\"http:\/\/www.mjolkeramparaiders.com\/wp-content\/uploads\/2015\/02\/Lisens2017-300x179.jpg\" alt=\"Lisens2017\" width=\"300\" height=\"179\" srcset=\"https:\/\/www.mjolkeramparaiders.com\/wp-content\/uploads\/2015\/02\/Lisens2017-300x179.jpg 300w, https:\/\/www.mjolkeramparaiders.com\/wp-content\/uploads\/2015\/02\/Lisens2017-150x89.jpg 150w, https:\/\/www.mjolkeramparaiders.com\/wp-content\/uploads\/2015\/02\/Lisens2017.jpg 510w\" sizes=\"(max-width: 300px) 100vw, 300px\" \/><\/p>\n<p><strong>Lisensregistrering<br \/>\n<\/strong>Lisensregistrering gj\u00f8res av ut\u00f8veren selv p\u00e5 <a href=\"https:\/\/signup.eqtiming.no\/?Event=SykkelLisens\">denne siden.<\/a>\u00a0 Det er viktig at du velger rett klubb n\u00e5r du registrerer din lisens. \u00a0N\u00e5r du har registrert din lisens vil du motta en faktura per epost som du kan betale i nettbank p\u00e5 vanlig m\u00e5te. \u00a0Straks du har registrert lisensen kan du laste ned et midlertidig lisensbevis som er gyldig i 14 dager fra registrering.<\/p>\n<div id=\"Wrapper\">\n<div id=\"Content\">\n<div class=\"wiki\">\n<div class=\"mainBlock static\">\n<div id=\"MainPage\">\n<div id=\"InfoTab\">\n<p>Lisensen m\u00e5 godkjennes av lisensansvarlig i Mj\u00f8lkerampa SK\u00a0og v\u00e6re betalt f\u00f8r du kan laste ned ditt endelige lisensbevis fra din\u00a0<a href=\"https:\/\/minside.eqtiming.no\/\" target=\"_blank\">ut\u00f8verprofil-side<\/a>. \u00a0Du kan aktivere din profil-side fra samme lenke. Bruk ogs\u00e5 denne lenken hvis du har glemt passordet ditt.<\/p>\n<p>Hvis du har bestilt lisensbevis p\u00e5 plastkort under registreringen vil du motta ditt kort i posten innen en uke etter at fakturaen er betalt og lisensen er godkjent av din klubb.<\/p>\n<div id=\"Wrapper\">\n<div id=\"Content\">\n<div class=\"wiki\">\n<div class=\"mainBlock static\">\n<p><strong>Hvilken lisenstype skal du velge?<\/strong><\/p>\n<p>Det er to hovedlisenstyper, Senior og Master. Masterlisens er den lisenstypen de fleste skal velge, Senior lisens gjelder for Elite og U23. Det opp til deg selv om du \u00f8nsker standard\/Aktiv eller utvidet (EXT) lisens. \u00a0Forskjellen er at EXT\u00a0gir bedre forsikringsdekning. \u00a0Det vil si st\u00f8rre utbetaling hvis uhellet f\u00f8rst er ute, og bedre dekning for eksempel ved tannskader.<\/p>\n<p>For mere info, se <a href=\"http:\/\/www.sykling.no\/organisasjon\/sportslig\/lisenser\/Sider\/Lisenser.aspx\">www.sykling.no<\/a> eller <a href=\"https:\/\/reg.eqtiming.no\/Sykkellisens\">www.eqtiming.no<\/a><\/p>\n<p><strong>GOD TUR! \ud83d\ude42<\/strong><\/p>\n<\/div>\n<\/div>\n<\/div>\n<\/div>\n<\/div>\n<\/div>\n<\/div>\n<\/div>\n<\/div>\n<\/div>\n","protected":false},"excerpt":{"rendered":"<p>Lisens er obligatorisk for \u00e5\u00a0delta i alle typer tidtatte ritt og\u00a0inneholder bla.a en ulykkesforsikring. Du kan velge mellom \u00e5 kj\u00f8pe en engangslisens pr. ritt, eller l\u00f8se en hel\u00e5rslisens gjennom Mj\u00f8lkerampa SK og NCF. Vi anbefaler \u00e5 l\u00f8se en hel\u00e5rslisens, da er man ogs\u00e5 forsikret under organisert trening. Se vilk\u00e5r her Lisensregistrering Lisensregistrering gj\u00f8res av ut\u00f8veren<\/p>\n<p><a class=\"excerpt-more blog-excerpt\" href=\"https:\/\/www.mjolkeramparaiders.com\/?page_id=381\">Les mer<\/a><\/p>\n","protected":false},"author":1,"featured_media":0,"parent":0,"menu_order":0,"comment_status":"closed","ping_status":"closed","template":"","meta":[],"_links":{"self":[{"href":"https:\/\/www.mjolkeramparaiders.com\/index.php?rest_route=\/wp\/v2\/pages\/381"}],"collection":[{"href":"https:\/\/www.mjolkeramparaiders.com\/index.php?rest_route=\/wp\/v2\/pages"}],"about":[{"href":"https:\/\/www.mjolkeramparaiders.com\/index.php?rest_route=\/wp\/v2\/types\/page"}],"author":[{"embeddable":true,"href":"https:\/\/www.mjolkeramparaiders.com\/index.php?rest_route=\/wp\/v2\/users\/1"}],"replies":[{"embeddable":true,"href":"https:\/\/www.mjolkeramparaiders.com\/index.php?rest_route=%2Fwp%2Fv2%2Fcomments&post=381"}],"version-history":[{"count":17,"href":"https:\/\/www.mjolkeramparaiders.com\/index.php?rest_route=\/wp\/v2\/pages\/381\/revisions"}],"predecessor-version":[{"id":627,"href":"https:\/\/www.mjolkeramparaiders.com\/index.php?rest_route=\/wp\/v2\/pages\/381\/revisions\/627"}],"wp:attachment":[{"href":"https:\/\/www.mjolkeramparaiders.com\/index.php?rest_route=%2Fwp%2Fv2%2Fmedia&parent=381"}],"curies":[{"name":"wp","href":"https:\/\/api.w.org\/{rel}","templated":true}]}}